factors of 6074303082?
2, 3, 17, 23, 2589217
What are the prime factors of 2707384?
2, 338423
List the prime factors of 84424652.
2, 13, 17, 43, 2221
List the prime factors of 76481075.
5, 11, 131, 193
What are the prime factors of 1254775505?
5, 250955101
List the prime factors of 125471899.
7, 2560651
List the prime factors of 283894537.
41, 101, 179, 383
List the prime factors of 323040097.
323040097
List the prime factors of 1776790130.
2, 5, 19, 83, 307, 367
List the prime factors of 8063813442.
2, 3, 257, 457, 11443
List the prime factors of 2129232165.
3, 5, 1549, 91639
List the prime factors of 45337874.
2, 2153, 10529
List the prime factors of 2041154464.
2, 67, 617, 1543
List the prime factors of 2309911373.
7, 11, 71, 283, 1493
List the prime factors of 2056021994.
2, 13, 37, 2137237
List the prime factors of 55660834.
2, 43, 647219
List the prime factors of 1230142550.
2, 5, 7, 13, 2971
List the prime factors of 45284100.
2, 3, 5, 271, 557
What are the prime factors of 92875609?
92875609
What are the prime factors of 328306666?
2, 83, 1977751
What are the prime factors of 263107576?
2, 32888447
What are the prime factors of 747251655?
3, 5, 49816777
What are the prime factors of 1912171877?
7, 11, 37, 167, 4019
What are the prime factors of 16700483?
193, 86531
List the prime factors of 3292637143.
41, 139, 577757
What are the prime factors of 4039476161?
7, 3119, 26431
List the prime factors of 69102352.
2, 11, 199, 1973
What are the prime factors of 5411674081?
11, 491970371
What are the prime factors of 73395756?
2, 3, 7, 291253
List the prime factors of 26839403.
26839403
List the prime factors of 37022918.
2, 41, 451499
What are the prime factors of 557760962?
2, 11, 167, 151813
What are the prime factors of 287006218?
2, 143503109
List the prime factors of 4447032663.
3, 491, 3019031
List the prime factors of 3853053924.
2, 3, 173, 1855999
What are the prime factors of 8604211?
7, 11, 131, 853
List the prime factors of 652258866.
2, 3, 7, 19, 37, 22091
List the prime factors of 24958927.
7, 47, 107, 709
What are the prime factors of 41793369?
3, 19, 23, 71, 449
List the prime factors of 19417698.
2, 3, 359587
List the prime factors of 4066475238.
2, 3, 7, 367, 3257
List the prime factors of 274245327.
3, 811, 37573
What are the prime factors of 170114944?
2, 487, 2729
List the prime factors of 1737589481.
1737589481
List the prime factors of 91375013.
8087, 11299
List the prime factors of 537464204.
2, 281, 478171
What are the prime factors of 890165592?
2, 3, 4121137
What are the prime factors of 525406961?
89, 5903449
List the prime factors of 57815709.
3, 7, 2753129
List the prime factors of 48855669.
3, 19, 263, 3259
List the prime factors of 27291675.
3, 5, 363889
What are the prime factors of 54376466?
2, 27188233
List the prime factors of 2458087.
19, 53, 2441
What are the prime factors of 491503845?
3, 5, 7, 229, 20441
List the prime factors of 149202145.
5, 73, 408773
What are the prime factors of 45394214?
2, 22697107
List the prime factors of 97334312.
2, 3067, 3967
What are the prime factors of 24712571?
13, 859, 2213
What are the prime factors of 520884474?
2, 3, 11, 7892189
List the prime factors of 157928199.
3, 11, 13, 547, 673
What are the prime factors of 235436439?
3, 7, 37, 303007
What are the prime factors of 4217755941?
3, 7, 367, 20269
List the prime factors of 1666856644.
2, 23, 43, 421349
What are the prime factors of 353152124?
2, 13, 31, 37, 191
What are the prime factors of 379615078?
2, 61, 3111599
List the prime factors of 20965892.
2, 19, 73, 3779
List the prime factors of 52571957.
52571957
List the prime factors of 559884306.
2, 3, 131, 712321
List the prime factors of 489290910.
2, 3, 5, 16309697
List the prime factors of 1225320580.
2, 5, 11, 277, 20107
What are the prime factors of 8077612?
2, 2019403
What are the prime factors of 1431003?
3, 7, 83, 821
List the prime factors of 261537196.
2, 29, 41, 127, 433
List the prime factors of 598260213.
3, 3181, 20897
What are the prime factors of 124365427?
29, 113, 37951
What are the prime factors of 72780974?
2, 7, 742663
What are the prime factors of 136639473?
3, 45546491
List the prime factors of 2774646715.
5, 233, 941, 2531
List the prime factors of 3053157565.
5, 1913, 319201
What are the prime factors of 71845243?
41, 1752323
What are the prime factors of 44688797?
29, 907, 1699
What are the prime factors of 12762899?
12762899
List the prime factors of 110296152.
2, 3, 167, 9173
List the prime factors of 718386005.
5, 409, 351289
What are the prime factors of 198708752?
2, 11, 151, 7477
What are the prime factors of 124432934?
2, 7369, 8443
List the prime factors of 199551869.
11, 281, 5869
What are the prime factors of 265107571?
17, 15594563
List the prime factors of 98501971.
5443, 18097
What are the prime factors of 222421690?
2, 5, 2551, 8719
What are the prime factors of 13341388?
2, 443, 7529
What are the prime factors of 244368512?
2, 1909129
List the prime factors of 1078024821.
3, 359341607
List the prime factors of 5507269932.
2, 3, 47, 9764663
What are the prime factors of 175877509?
19, 173, 53507
What are the prime factors of 92894478?
2, 3, 53, 293, 997
What are the prime factors of 402391786?
2, 13913, 14461
What are the prime factors of 2659585?
5, 331, 1607
List the prime factors of 598237058.
2, 163, 1835083
What are the prime factors of 249467863?
887, 281249
List the prime factors of 60040690.
2, 5, 6004069
What are the prime factors of 76139077?
7, 257, 42323
What are the prime factors of 118193964?
2, 3, 7, 23, 131, 467
What are the prime factors of 1493217049?
17, 19, 271939
List the prime factors of 24584928.
2, 3, 256093
What are the prime factors of 1194922312?
2, 19, 23, 53, 6449
List the prime factors of 1984929680.
2, 5, 24811621
List the prime factors of 58375735.
5, 11, 1061377
What are the prime factors of 244309883?
244309883
List the prime factors of 459743489.
459743489
List the prime factors of 100589312.
2, 392927
List the prime factors of 313130944.
2, 7, 19, 36787
List the prime factors of 49954546.
2, 83, 300931
What are the prime factors of 21834938?
2, 10917469
List the prime factors of 74874409.
17, 509
What are the prime factors of 310761050?
2, 5, 23, 31, 379
List the prime factors of 1310396732.
2, 71, 157, 29389
List the prime factors of 256911046.
2, 7, 19, 103, 9377
List the prime factors of 3521213364.
2, 3, 53, 5536499
List the prime factors of 128758014.
2, 3, 7, 11, 92899
List the prime factors of 81039189.
3, 7, 11, 23, 2179
List the prime factors of 134434648.
2, 839, 20029
List the prime factors of 5453773492.
2, 1363443373
List the prime factors of 299729334.
2, 3, 257, 194377
What are the prime factors of 904884985?
5, 3823, 47339
What are the prime factors of 61444131?
3, 7, 563, 5197
List the prime factors of 2374586666.
2, 37, 53, 593, 1021
List the prime factors of 2852262868.
2, 7, 13, 29, 47, 5749
What are the prime factors of 134934484?
2, 33733621
List the prime factors of 1580612485.
5, 17, 18595441
List the prime factors of 689935067.
2417, 285451
What are the prime factors of 3930075272?
2, 491259409
List the prime factors of 1231369133.
10891, 113063
List the prime factors of 57432219.
3, 13, 23, 43, 1489
List the prime factors of 554978017.
11, 23, 29, 75641
What are the prime factors of 8599753?
929, 9257
List the prime factors of 147819801.
3, 41, 1201787
List the prime factors of 745543664.
2, 103, 452393
What are the prime factors of 685258364?
2, 7, 24473513
What are the prime factors of 1267680942?
2, 3, 11, 21557
What are the prime factors of 1567287456?
2, 3, 7, 109, 21397
List the prime factors of 12430714.
2, 6215357
What are the prime factors of 739991554?
2, 157, 2356661
What are the prime factors of 186550829?
186550829
What are the prime factors of 8021011?
8021011
What are the prime factors of 31981652?
2, 7995413
What are the prime factors of 284765833?
11, 677, 38239
What are the prime factors of 35110065?
3, 5, 821, 2851
List the prime factors of 104724396.
2, 3, 7, 53, 7841
What are the prime factors of 188903184?
2, 3, 17, 181, 1279
What are the prime factors of 4375643?
19, 41, 137
List the prime factors of 305955505.
5, 61191101
List the pri